{"id":2,"date":"2015-05-04T06:47:45","date_gmt":"2015-05-04T04:47:45","guid":{"rendered":"https:\/\/gdd-it.de\/gddit\/?page_id=2"},"modified":"2015-08-20T09:23:53","modified_gmt":"2015-08-20T07:23:53","slug":"home","status":"publish","type":"page","link":"https:\/\/gdd-it.de\/gddit\/","title":{"rendered":"Startseite"},"content":{"rendered":"<p><span class=\"xr_tc xr_s3\">Die GDD-IT GmbH ist ein mittelst\u00e4ndisches Unternehmen mit Firmensitz in Riesa und Grimma. Die <\/span> <span class=\"xr_tc xr_s3\">Firma wurde 2005 gegr\u00fcndet und bietet vielf\u00e4ltige Dienstleistungen im Bereich der Geodatenverarbeitung, <\/span> <span class=\"xr_tc xr_s3\">der Entwicklung von Individualsoftware und Geoportalen.<\/span> <span class=\"xr_tc xr_s3\">Seit 2010 bieten wir unter anderem Software f\u00fcr forstwirtschaftliche Auswertungen und <\/span> <span class=\"xr_tc xr_s3\">Portale an. Mit der L\u00f6sung PolterMAX waren wir erstmals auf der KWF &#8211; Tagung in 2012 vertreten. <\/span> <span class=\"xr_tc xr_s3\">Seit 2014 begeben wir uns mit 3-D \u2013Anwendungen f\u00fcr die Polterauswertungen in ein innovatives <\/span> <span class=\"xr_tc xr_s3\">Marktsegment. Neben forstwirtschaftlichen Anwendungen bieten wir kommunale Geoportale mit <\/span> <span class=\"xr_tc xr_s3\">Infrastrukturknoten, sowie\u00a0 Erfassungssoftware, hyperspektrale Aufnahmen vom Boden und aus der <\/span> <span class=\"xr_tc xr_s3\">Luft inkl. deren Auswertungen (Vegetation, B\u00f6den, Nutzungsarten etc.) an.<\/span><\/p>\n","protected":false},"excerpt":{"rendered":"<p>Die GDD-IT GmbH ist ein mittelst\u00e4ndisches Unternehmen mit Firmensitz in Riesa und Grimma. Die Firma wurde 2005 gegr\u00fcndet und bietet vielf\u00e4ltige Dienstleistungen im Bereich der Geodatenverarbeitung, der Entwicklung von Individualsoftware und Geoportalen. Seit 2010 bieten wir unter anderem Software f\u00fcr<\/p>\n","protected":false},"author":1,"featured_media":0,"parent":0,"menu_order":0,"comment_status":"closed","ping_status":"closed","template":"page-templates\/business.php","meta":{"footnotes":""},"class_list":["post-2","page","type-page","status-publish","hentry"],"_links":{"self":[{"href":"https:\/\/gdd-it.de\/gddit\/wp-json\/wp\/v2\/pages\/2","targetHints":{"allow":["GET"]}}],"collection":[{"href":"https:\/\/gdd-it.de\/gddit\/wp-json\/wp\/v2\/pages"}],"about":[{"href":"https:\/\/gdd-it.de\/gddit\/wp-json\/wp\/v2\/types\/page"}],"author":[{"embeddable":true,"href":"https:\/\/gdd-it.de\/gddit\/wp-json\/wp\/v2\/users\/1"}],"replies":[{"embeddable":true,"href":"https:\/\/gdd-it.de\/gddit\/wp-json\/wp\/v2\/comments?post=2"}],"version-history":[{"count":6,"href":"https:\/\/gdd-it.de\/gddit\/wp-json\/wp\/v2\/pages\/2\/revisions"}],"predecessor-version":[{"id":310,"href":"https:\/\/gdd-it.de\/gddit\/wp-json\/wp\/v2\/pages\/2\/revisions\/310"}],"wp:attachment":[{"href":"https:\/\/gdd-it.de\/gddit\/wp-json\/wp\/v2\/media?parent=2"}],"curies":[{"name":"wp","href":"https:\/\/api.w.org\/{rel}","templated":true}]}}