{"id":4,"date":"2015-05-08T07:19:50","date_gmt":"2015-05-08T05:19:50","guid":{"rendered":"https:\/\/gdd-it.de\/gddit\/?page_id=4"},"modified":"2015-08-25T15:25:36","modified_gmt":"2015-08-25T13:25:36","slug":"leistungen","status":"publish","type":"page","link":"https:\/\/gdd-it.de\/gddit\/leistungen\/","title":{"rendered":"Leistungen"},"content":{"rendered":"<h3><span style=\"color: #000000;\">GeoDatenPortale<\/span><\/h3>\n<p class=\"sidebar\"><a href=\"https:\/\/gdd-it.de\/gddit\/wp-content\/uploads\/2015\/05\/GeoPortale-_variante-1_sized.jpg\" target=\"_blank\"><img loading=\"lazy\" decoding=\"async\" class=\"  alignleft wp-image-256\" src=\"https:\/\/gdd-it.de\/gddit\/wp-content\/uploads\/2015\/05\/GeoPortale-_variante-1_sized.jpg\" alt=\"GeoPortale _variante 1_sized\" width=\"323\" height=\"215\" srcset=\"https:\/\/gdd-it.de\/gddit\/wp-content\/uploads\/2015\/05\/GeoPortale-_variante-1_sized.jpg 1000w, https:\/\/gdd-it.de\/gddit\/wp-content\/uploads\/2015\/05\/GeoPortale-_variante-1_sized-300x199.jpg 300w\" sizes=\"auto, (max-width: 323px) 100vw, 323px\" \/><\/a>Die Bereitstellung von Geodaten \u00fcber ein Geodatenportal ist ein weit verbreiteter Service von Unternehmen und Organisationen.<\/p>\n<p class=\"sidebar\">Der schnelle und unb\u00fcrokratische Zugriff auf Geodaten senkt nicht nur den Verwaltungsaufwand, sondern bietet auch flexiblere M\u00f6glichkeiten f\u00fcr den Einsatz der Daten.<\/p>\n<p class=\"sidebar\">Wir begleiten Sie von der Idee bis zu Umsetzung. Wir implementieren Ihre Geodaten in web-basierten Anwendungen und erm\u00f6glichen Ihren Aufgaben einen Raumbezug!<\/p>\n<hr \/>\n<h3 id=\"sidebar2\" class=\"sidebar\">Videobefahrung &#8211; RGB &amp; Hyperspektral<\/h3>\n<p class=\"sidebar\"><a href=\"https:\/\/gdd-it.de\/gddit\/wp-content\/uploads\/2015\/05\/Videobefahrung2.png\" target=\"_blank\"><img loading=\"lazy\" decoding=\"async\" class=\"alignleft wp-image-266\" src=\"https:\/\/gdd-it.de\/gddit\/wp-content\/uploads\/2015\/05\/Videobefahrung2.png\" alt=\"Videobefahrung\" width=\"323\" height=\"316\" srcset=\"https:\/\/gdd-it.de\/gddit\/wp-content\/uploads\/2015\/05\/Videobefahrung2.png 629w, https:\/\/gdd-it.de\/gddit\/wp-content\/uploads\/2015\/05\/Videobefahrung2-300x294.png 300w\" sizes=\"auto, (max-width: 323px) 100vw, 323px\" \/><\/a>F\u00fcr die Zustandserfassung und Dokumentation von Stra\u00dfen und Wegen bieten wir einen zuverl\u00e4ssigen Workflow inkl. Technologie an.<\/p>\n<p class=\"sidebar\">Durch die Videobefahrung mit HD-Kameras lassen sich zu jedem beliebigen Zeitpunkt der Zustand, Belagsart, Vegetation und viele Zusatzbest\u00e4nde im Stra\u00dfenraum einfach dokumentieren und auswerten.<\/p>\n<p class=\"sidebar\">Mit einer PKW-gest\u00fctzen Erfassung von hyperspektralen Bilddaten erhalten Sie eine ideale Datengrundlage zur Bewertung von Vegetation und anderen Materialien im Stra\u00dfenraum oder der Landschaft im Allgemeinen.<\/p>\n<p class=\"sidebar\">Diese Methode ist eine ideale Interpretationshilfe f\u00fcr Ihre Fernerkundungsdaten! F\u00fcr die Kopplung der Videos empfehlen wir unser Karten Tool, welches die Lage der Aufzeichnungen schnell verdeutlicht.<\/p>\n<hr \/>\n<h3 class=\"sidebar\">Konzeptionierung &amp; Umsetzungsbegleitung<\/h3>\n<p class=\"sidebar\"><a href=\"https:\/\/gdd-it.de\/gddit\/wp-content\/uploads\/2015\/05\/Konzept-4.jpg\"><img loading=\"lazy\" decoding=\"async\" class=\"alignleft wp-image-250\" src=\"https:\/\/gdd-it.de\/gddit\/wp-content\/uploads\/2015\/05\/Konzept-4-300x199.jpg\" alt=\"Konzept - 4\" width=\"323\" height=\"214\" srcset=\"https:\/\/gdd-it.de\/gddit\/wp-content\/uploads\/2015\/05\/Konzept-4-300x199.jpg 300w, https:\/\/gdd-it.de\/gddit\/wp-content\/uploads\/2015\/05\/Konzept-4.jpg 1000w\" sizes=\"auto, (max-width: 323px) 100vw, 323px\" \/><\/a><\/p>\n<p>F\u00fcr die Durchf\u00fchrung verschiedenster Projekte ist grundlegend eine Konzeption erforderlich. In Ihrem Sinne \u00fcbernehmen wir die Kommunikation und Koordination von Stakeholdern und arbeiten Ziele heraus.<\/p>\n<p>Das gemeinsame Zielverst\u00e4ndnis bildet die Grundlage f\u00fcr den Projekterfolg!<\/p>\n<p>Wir helfen Ihnen durch Ihre Projekte und begleiten sie von der Konzeptentwicklung bis zum Ziel.<\/p>\n<p>&nbsp;<\/p>\n<hr \/>\n<h3 class=\"sidebar\">Softwareentwicklung<\/h3>\n<p class=\"sidebar\"><a href=\"https:\/\/gdd-it.de\/gddit\/wp-content\/uploads\/2015\/05\/Software_4.png\"><img loading=\"lazy\" decoding=\"async\" class=\" wp-image-262 alignleft\" src=\"https:\/\/gdd-it.de\/gddit\/wp-content\/uploads\/2015\/05\/Software_4.png\" alt=\"Software_4\" width=\"323\" height=\"215\" srcset=\"https:\/\/gdd-it.de\/gddit\/wp-content\/uploads\/2015\/05\/Software_4.png 1000w, https:\/\/gdd-it.de\/gddit\/wp-content\/uploads\/2015\/05\/Software_4-300x200.png 300w\" sizes=\"auto, (max-width: 323px) 100vw, 323px\" \/><\/a>Verschiedene Aufgaben erfordern oft verschiedene L\u00f6sungen. Nicht f\u00fcr jede Aufgabe ist Standardsoftware geeignet.<\/p>\n<p class=\"sidebar\">Wir liefern Ihnen eine auf Ihre Bed\u00fcrfnisse angepasse Softwarel\u00f6sung und begleiten Sie von der Planung bis zur Implementierung, sowohl f\u00fcr das Web, den Desktop als auch den mobilen Markt.<\/p>\n<p class=\"sidebar\">Das Innovationspotential der GDD-IT GmbH besteht insbesondere in der Entwicklung eigener Algorithmen im Bereich der digitalen Bildverarbeitung und deren Einbindung in verschiedene Programmanwendungen.<\/p>\n<hr \/>\n<h3 class=\"sidebar\">Hosting<\/h3>\n<p class=\"sidebar\"><a href=\"https:\/\/gdd-it.de\/gddit\/wp-content\/uploads\/2015\/05\/hosting.png\" target=\"_blank\"><img loading=\"lazy\" decoding=\"async\" class=\"alignleft wp-image-264\" src=\"https:\/\/gdd-it.de\/gddit\/wp-content\/uploads\/2015\/05\/hosting.png\" alt=\"hosting\" width=\"323\" height=\"245\" srcset=\"https:\/\/gdd-it.de\/gddit\/wp-content\/uploads\/2015\/05\/hosting.png 1001w, https:\/\/gdd-it.de\/gddit\/wp-content\/uploads\/2015\/05\/hosting-300x228.png 300w\" sizes=\"auto, (max-width: 323px) 100vw, 323px\" \/><\/a>Die Bereitststellung und die Pflege von Internetseiten ist ein wichtiger Bereich.<\/p>\n<p class=\"sidebar\">Gerade das Thema der Aktualit\u00e4t und \u00dcbersichtlichkeit ist f\u00fcr Firmen und Kommunen ein wichtiger Aspekt.<\/p>\n<p class=\"sidebar\">Egal ob Website, Webshop oder Unternehmensanwendung &#8211; wir erstellen f\u00fcr Sie eine ansprechende und dynamische Webpr\u00e4senz und \u00fcbernehmen f\u00fcr Sie den Betrieb, Aktualisierung und die Wartung mit den h\u00f6chsten Standarts.<\/p>\n","protected":false},"excerpt":{"rendered":"<p>Dies ist der Auszug von Leistungen<\/p>\n","protected":false},"author":1,"featured_media":107,"parent":0,"menu_order":0,"comment_status":"closed","ping_status":"closed","template":"","meta":{"footnotes":""},"class_list":["post-4","page","type-page","status-publish","has-post-thumbnail","hentry"],"_links":{"self":[{"href":"https:\/\/gdd-it.de\/gddit\/wp-json\/wp\/v2\/pages\/4","targetHints":{"allow":["GET"]}}],"collection":[{"href":"https:\/\/gdd-it.de\/gddit\/wp-json\/wp\/v2\/pages"}],"about":[{"href":"https:\/\/gdd-it.de\/gddit\/wp-json\/wp\/v2\/types\/page"}],"author":[{"embeddable":true,"href":"https:\/\/gdd-it.de\/gddit\/wp-json\/wp\/v2\/users\/1"}],"replies":[{"embeddable":true,"href":"https:\/\/gdd-it.de\/gddit\/wp-json\/wp\/v2\/comments?post=4"}],"version-history":[{"count":28,"href":"https:\/\/gdd-it.de\/gddit\/wp-json\/wp\/v2\/pages\/4\/revisions"}],"predecessor-version":[{"id":325,"href":"https:\/\/gdd-it.de\/gddit\/wp-json\/wp\/v2\/pages\/4\/revisions\/325"}],"wp:featuredmedia":[{"embeddable":true,"href":"https:\/\/gdd-it.de\/gddit\/wp-json\/wp\/v2\/media\/107"}],"wp:attachment":[{"href":"https:\/\/gdd-it.de\/gddit\/wp-json\/wp\/v2\/media?parent=4"}],"curies":[{"name":"wp","href":"https:\/\/api.w.org\/{rel}","templated":true}]}}